n p is divided by 26?
22
Let j(c) = -2*c - 33. Calculate the remainder when 45 is divided by j(-20).
3
Suppose 0 = 6*y + 610 - 1690. Suppose 4*n - n - y = 0. Calculate the remainder when n is divided by 31.
29
Let n be 0*(2 + -3)*1. Suppose -4*q + 19 + 41 = n. Calculate the remainder when 44 is divided by q.
14
Let s be (-2)/(-3) + 10/3 + 3. Let i(n) = -n**3 + 5*n**2 + 15*n + 4. What is the remainder when i(s) is divided by 5?
1
Let f(w) = -w**2 + 6*w + 6. Let s be (-10)/(-1 - -1 - 2). Let z be f(s). Suppose 2*l - 5 = z. Calculate the remainder when 22 is divided by l.
6
Suppose 3*b - 603 = -3*k, -k - 43 + 241 = 2*b. Suppose -k = -9*q + 48. What is the remainder when 166 is divided by q?
26
Suppose 0*b + 15*b - 510 = 0. Calculate the remainder when b is divided by 10.
4
Let y(a) be the third derivative of a**4/8 - 2*a**3/3 - a**2. Let r(c) = -2*c**3 - 21*c**2 + 10*c + 10. What is the remainder when r(-11) is divided by y(4)?
5
Let f = -30 - -55. Suppose -23*o + f*o - 28 = 0. What is the remainder when 54 is divided by o?
12
Calculate the remainder when 318 is divided by (4 - -2)*((-800)/(-6))/10.
78
Suppose 0*t + 910 = 5*t + 2*p, 0 = 3*p. Suppose 2*l = 2*j - 102, 48*j - 50*j + 77 = 3*l. Calculate the remainder when t is divided by j.
44
Suppose 0 = 5*p + 4 + 6. Let j(q) = 11*q + 10. Let s(b) = -22*b - 22. Let h(g) = -7*j(g) - 3*s(g). What is the remainder when h(p) is divided by 7?
4
Let p be 0*(1 + 3/(-2)). Suppose p = -3*m + 88 + 14. Let n(u) = 3*u + 72. What is the remainder when m is divided by n(-21)?
7
Let r = -194 + 393. What is the remainder when r is divided by 29?
25
Let a be -6*((-33)/9 + 3). Suppose 5*f = 7*f - a. Calculate the remainder when 10 is divided by f/6 + 16/6.
1
Let u(n) = -n + 3. Let k be u(-4). Suppose 0 = k*x - 197 + 22. What is the remainder when 98 is divided by x?
23
Suppose 15 - 87 = -6*j. Let r(s) = 8*s. Let y be r(-4). Let l = 15 - y. Calculate the remainder when l is divided by j.
11
Let t(n) = 3*n - 7. Let c(h) = 5*h - 6. Let j(a) = 2*c(a) - 3*t(a). Let b be -3*9/(-6)*2. What is the remainder when j(b) is divided by 7?
4
Let l(h) = -2*h + 206. What is the remainder when l(12) is divided by 53?
23
Let f(j) = 17*j + 27. Let a(x) = -8*x - 13. Let g(d) = 15*a(d) + 6*f(d). What is the remainder when g(-4) is divided by 4?
3
Let i = 327 + -253. What is the remainder when 2218 is divided by i?
72
Let q(y) = 2*y**3 + 2*y**2 - 2. Suppose 5*h + 9*j = 7*j + 200, h - 40 = 2*j. Calculate the remainder when h is divided by q(2).
18
Let j be 9/(-21) - 2991/(-21). Let q = -101 + j. Calculate the remainder when 79 is divided by q.
38
Let b(z) = -20*z - 18. What is the remainder when 50 is divided by b(-3)?
8
Let m be (-7 - -2)/(-5) + 1. Suppose -m*j = -0*j - 26. Suppose 3*d - 29 = -8. What is the remainder when j is divided by d?
6
Suppose 3*q - 2933 = -4*j, -2*j + 6 - 2 = 0. What is the remainder when q is divided by 8?
7
Let g be (1 + (-3)/9)*-9. Let p(z) = -3*z**2 + 3*z + 3. Let d be p(3). Calculate the remainder when 44 is divided by (d/2)/(g/12).
14
Let y = -10 + 10. Let r = 3 + y. What is the remainder when (-3)/20*-4*10 is divided by r?
0
Let t be ((-1)/2)/(3/6). Let h = t - -5. What is the remainder when 30 is divided by h/(-14) - 116/(-14)?
6
Let c(z) = z**3 - 3*z**2 + z + 4. Suppose 5*d - 4*d = 0. Suppose p = -3*n + 72, 0 = 5*n - p - d*p - 128. What is the remainder when n is divided by c(3)?
4
Suppose -117 = -44*j + 35*j. Calculate the remainder when 636 is divided by j.
12
Let x = 42 + 3. Calculate the remainder when 4/(-6) + 1200/x is divided by 16.
10
Calculate the remainder when 1048 is divided by (42*(-4)/(-12))/((-2)/(-5)).
33
Suppose 3*v = -124 + 40. Let d(m) = -m**3 - 29*m**2 - 26*m + 69. What is the remainder when 24 is divided by d(v)?
11
Let d = -134 - -80. Calculate the remainder when (249/(-2))/(d/72) is divided by 12.
10
Let o = 33 + -7. Calculate the remainder when o is divided by 4848/528 - (-4)/(-22).
8
Suppose 3*h - 8*h - 25 = 0. Let i(x) = -5*x + 6. Suppose -22 = 7*v - 9*v. What is the remainder when i(h) is divided by v?
9
Let i be (3/5)/(1/5). Suppose -i*p + 98 = 4*p. What is the remainder when 39 is divided by p?
11
Let u(o) = o**2 + 5*o - 1. Let l be 115/(-15) + (-2)/(-3). Suppose -2*x - 28 = -3*a + 32, 4*a - 80 = -2*x. What is the remainder when a is divided by u(l)?
7
Let v(w) = 3*w + 155. Calculate the remainder when v(-26) is divided by 15.
2
Let k(z) = -9*z**2 + 207*z - 46. What is the remainder when k(20) is divided by 10?
4
Suppose -21*b + 7073 - 1214 = 0. Calculate the remainder when b is divided by 14.
13
Let z(h) = 2*h**2 - 2*h - 5. Let n(d) = d - 2*d - 101*d**2 + 103*d**2 - 4. Let g(b) = 4*n(b) - 3*z(b). What is the remainder when 43 is divided by g(2)?
10
Suppose -2*t = -4*t - 16. Let b = t + -6. Let l = -1 - b. What is the remainder when 49 is divided by l?
10
Suppose -48*l - 150 = -51*l. What is the remainder when l is divided by 2?
0
Let w(i) be the first derivative of 16*i**3 + i**2 + i - 12. Calculate the remainder when w(-1) is divided by 16.
15
Suppose 4*w - 4*d = -d + 181, -3*w = -4*d - 127. Suppose 5*s = o + 2*o + w, -5*s - 43 = o. Let q = o + 40. What is the remainder when q is divided by 9?
8
Let b(i) = 94*i - 32. What is the remainder when b(2) is divided by 27?
21
Let q = 491 - 483. What is the remainder when 103 is divided by q?
7
Let g be -27 + 1*(-4)/2. Let c = g + 36. What is the remainder when c is divided by 3?
1
Suppose -2*l - 199 = -2*n + 3*l, -2*l + 122 = n. Suppose 3*a + a = n. Suppose 3*w = 4*c - w - a, 24 = 4*c - 5*w. What is the remainder when 42 is divided by c?
9
Let y(n) = 2*n**2 - 43*n + 33. Calculate the remainder when 23 is divided by y(21).
11
Suppose -3*c + 77 - 23 = 0. Suppose -j + 2 = -c. What is the remainder when 77 is divided by j?
17
Let l be -5*(-6)/5 - 4. Let o(a) = -290*a**3 - 1 - 3 - 5*a + 291*a**3 + 3*a**l. Calculate the remainder when o(-3) is divided by 5.
1
Let m(q) = -q**3 - 9*q**2 + 4*q. Let z be m(-9). Let a = 40 - z. What is the remainder when a is divided by ((-385)/3)/(-5) + (-2)/(-6)?
24
Let s(q) = -q**3 + 8*q**2 - q + 18. Let m be 2/(-8) + (-17)/(-4). Suppose 2*k + 16 = m*k. What is the remainder when s(k) is divided by 4?
2
Suppose 5*q = -525 - 645. Let x = 544 + q. Suppose -x = -8*d + 3*d. What is the remainder when d is divided by 21?
20
Suppose 0*m + 5*a = 4*m - 136, 5*m = -4*a + 129. Calculate the remainder when 55 is divided by m.
26
Let v = 97 - 74. What is the remainder when 118 is divided by v?
3
Suppose -5*x + 6*b = 9*b - 50, x + 5*b - 10 = 0. Suppose -65 = -x*a + 5*a. Calculate the remainder when a is divided by 6.
1
Let n = 97 - 8. What is the remainder when n is divided by 47?
42
Calculate the remainder when 21/((2/3)/(32/72)) is divided by (56/16)/((-1)/(-2)) - 1.
2
Let l(p) = -p**2 + 11*p + 6. Calculate the remainder when l(11) is divided by (2 - -1)/((-11)/(-11)).
0
Suppose -10 - 155 = -5*a + 5*x, 2*x + 103 = 3*a. What is the remainder when 957 is divided by a?
32
Suppose 5*m + 15*d - 14*d - 155 = 0, -2*m - 3*d + 49 = 0. Let g = 14 + -2. Calculate the remainder when m is divided by g.
8
Let n = 12 + 8. What is the remainder when 152 is divided by n?
12
Suppose -14 = 2*a - 4*a. Suppose -a*j = -3*j - 48. Calculate the remainder when 34 is divided by j.
10
What is the remainder when (-411)/(-15) - 6/(-10) is divided by 7?
0
Let l be 2/(-3 - (0 + -5)). Calculate the remainder when 23 is divided by 12*((-6)/(-4) - l).
5
Let b(l) = -l + 5. Let g(z) = -8*z + 44. Let r(u) = 28*b(u) - 3*g(u). Calculate the remainder when r(-16) is divided by 25.
22
Let o be 124 + 3/((-3)/4). Suppose 0 = -5*n + o - 5. Let l = n - 7. Calculate the remainder when 63 is divided by l.
15
Let x(t) = 7*t - 1. Let h be x(1). Suppose 4*m = h*m - 34. What is the remainder when (-3 + (-9)/(-2))/((-6)/(-260)) is divided by m?
14
Suppose -y - 4*n - 10 = 37, 5*n + 10 = 0. What is the remainder when (13*2)/(4/4) is divided by (-130)/y*18/4?
11
Let s(y) = y**3 + 25*y**2 - 28*y - 29. Calculate the remainder when 76 is divided by s(-26).
7
Suppose 5*f - 3555 = 5*r, 0 = -f + 2*r + 386 + 326. What is the remainder when f is divided by 79?
78
What is the remainder when (171/12)/(918/(-312) + 3) is divided by 127?
120
Calculate the remainder when 93 is 